y 3?
2
What is the remainder when 550 is divided by 299?
251
Calculate the remainder when 14163 is divided by 34.
19
Calculate the remainder when 883 is divided by 309.
265
What is the remainder when 13118 is divided by 5?
3
Calculate the remainder when 113449 is divided by 191.
186
Calculate the remainder when 1707526 is divided by 55.
51
What is the remainder when 961003 is divided by 15?
13
What is the remainder when 16387175 is divided by 318?
317
Calculate the remainder when 826 is divided by 144.
106
What is the remainder when 151750 is divided by 57?
16
Calculate the remainder when 1905 is divided by 1875.
30
What is the remainder when 33632 is divided by 1510?
412
Calculate the remainder when 9751 is divided by 9730.
21
What is the remainder when 13778 is divided by 431?
417
What is the remainder when 40536 is divided by 3684?
12
What is the remainder when 9670 is divided by 329?
129
Calculate the remainder when 2679 is divided by 300.
279
What is the remainder when 979736 is divided by 32?
24
What is the remainder when 6683 is divided by 293?
237
Calculate the remainder when 1049187 is divided by 1230.
1227
Calculate the remainder when 490557 is divided by 73.
70
What is the remainder when 12188 is divided by 489?
452
What is the remainder when 146 is divided by 54?
38
Calculate the remainder when 256397 is divided by 128198.
1
Calculate the remainder when 4008 is divided by 583.
510
Calculate the remainder when 25701 is divided by 201.
174
What is the remainder when 37752 is divided by 37746?
6
What is the remainder when 4962 is divided by 7?
6
What is the remainder when 398940 is divided by 11?
3
What is the remainder when 259114 is divided by 51815?
39
What is the remainder when 2282 is divided by 127?
123
Calculate the remainder when 841 is divided by 727.
114
What is the remainder when 1378274 is divided by 11?
7
Calculate the remainder when 725 is divided by 52.
49
Calculate the remainder when 1206 is divided by 1203.
3
What is the remainder when 496 is divided by 174?
148
What is the remainder when 94852 is divided by 29?
22
What is the remainder when 121559 is divided by 8103?
14
Calculate the remainder when 72395 is divided by 18098.
3
What is the remainder when 7988 is divided by 2643?
59
Calculate the remainder when 24834 is divided by 112.
82
What is the remainder when 54036 is divided by 26952?
132
Calculate the remainder when 4950 is divided by 236.
230
Calculate the remainder when 4604 is divided by 2506.
2098
What is the remainder when 90449 is divided by 25?
24
What is the remainder when 2345 is divided by 3?
2
What is the remainder when 272457 is divided by 15?
12
What is the remainder when 6641 is divided by 59?
33
What is the remainder when 6020 is divided by 3000?
20
What is the remainder when 454317 is divided by 144?
141
Calculate the remainder when 8990 is divided by 2244.
14
What is the remainder when 32537 is divided by 278?
11
Calculate the remainder when 576212 is divided by 274.
264
Calculate the remainder when 411392 is divided by 25712.
0
Calculate the remainder when 2770 is divided by 840.
250
What is the remainder when 713 is divided by 168?
41
What is the remainder when 27568 is divided by 340?
28
Calculate the remainder when 107580 is divided by 5.
0
Calculate the remainder when 82146 is divided by 41058.
30
Calculate the remainder when 102146 is divided by 226.
220
Calculate the remainder when 1555 is divided by 396.
367
Calculate the remainder when 791096 is divided by 38.
12
What is the remainder when 26349 is divided by 1880?
29
What is the remainder when 43886 is divided by 49?
31
Calculate the remainder when 19442 is divided by 4855.
22
Calculate the remainder when 519146 is divided by 1136.
1130
Calculate the remainder when 3377 is divided by 244.
205
Calculate the remainder when 60298 is divided by 79.
21
What is the remainder when 827 is divided by 795?
32
What is the remainder when 3430513 is divided by 167?
166
Calculate the remainder when 81531 is divided by 647.
9
What is the remainder when 3010 is divided by 146?
90
Calculate the remainder when 32461 is divided by 75.
61
Calculate the remainder when 2158 is divided by 702.
52
Calculate the remainder when 69924 is divided by 25.
24
What is the remainder when 3875 is divided by 1077?
644
Calculate the remainder when 12380 is divided by 315.
95
What is the remainder when 25850 is divided by 359?
2
Calculate the remainder when 24686 is divided by 344.
262
Calculate the remainder when 18424 is divided by 236.
16
What is the remainder when 5234 is divided by 1356?
1166
Calculate the remainder when 699709 is divided by 841.
838
Calculate the remainder when 29619 is divided by 156.
135
What is the remainder when 11315 is divided by 1611?
38
What is the remainder when 47703 is divided by 2650?
3
Calculate the remainder when 5181 is divided by 115.
6
Calculate the remainder when 5916 is divided by 5906.
10
Calculate the remainder when 10524 is divided by 79.
17
What is the remainder when 17854 is divided by 5839?
337
Calculate the remainder when 2687 is divided by 2368.
319
Calculate the remainder when 1956 is divided by 53.
48
What is the remainder when 636845 is divided by 522?
5
Calculate the remainder when 4095 is divided by 952.
287
Calculate the remainder when 21309 is divided by 518.
71
Calculate the remainder when 222601 is divided by 19.
16
What is the remainder when 96172 is divided by 65?
37
What is the remainder when 2497 is divided by 1467?
1030
Calculate the remainder when 50723 is divided by 1079.
10
Calculate the remainder when 133556 is divided by 2.
0
What is the remainder when 6540 is divided by 1968?
636
What is the remainder when 87610 is divided by 79?
78
Calculate the remainder when 37542 is divided by 135.
12
What is the remainder when 902393 is divided by 20?
13
What is the remainder when 513139 is divided by 31?
27
What is the remainder when 9497 is divided by 4373?
751
Calculate the remainder when 4473 is divided by 10.
3
What is the remainder when 6452 is divided by 2104?
140
What is the remainder when 57277 is divided by 3014?
11
What is the remainder when 106923 is divided by 35?
33
What is the remainder when 15880 is divided by 122?
20
What is the remainder when 113504 is divided by 305?
44
What is the remainder when 4273 is divided by 302?
45
What is the remainder when 10729 is divided by 2660?
89
Calculate the remainder when 20671 is divided by 44.
35
What is the remainder when 15419 is divided by 3791?
255
What is the remainder when 527398 is divided by 586?
584
Calculate the remainder when 6326 is divided by 2108.
2
Calculate the remainder when 4088 is divided by 1335.
83
Calculate the remainder when 64271 is divided by 5355.
11
Calculate the remainder when 14100 is divided by 56.
44
Calculate the remainder when 88640 is divided by 11080.
0
Calculate the remainder when 333835 is divided by 145.
45
What is the remainder when 6047 is divided by 22?
19
What is the remainder when 29779 is divided by 3185?
1114
Calculate the remainder when 526042 is divided by 58448.
10
Calculate the remainder when 18721 is divided by 477.
118
Calculate the remainder when 8708 is divided by 1028.
484
Calculate the remainder when 97150 is divided by 32381.
7
Calculate the remainder when 999 is divided by 471.
57
Calculate the remainder when 3775960 is divided by 14.
6
What is the remainder when 655 is divided by 285?
85
Calculate the remainder when 47246 is divided by 56.
38
Calculate the remainder when 36250 is divided by 185.
175
What is the remainder when 1638 is divided by 203?
14
What is the remainder when 255 is divided by 153?
102
Calculate the remainder when 18515 is divided by 18473.
42
What is the remainder when 135105 is divided by 1393?
1377
Calculate the remainder when 572634 is divided by 286307.
20
What is the remainder when 25462 is divided by 13?
8
Calculate the remainder when 106862 is divided by 183.
173
What is the remainder when 360518 is divided by 120169?
11
Calculate the remainder when 650956 is divided by 81369.
4
Calculate the remainder when 21193 is divided by 605.
18
Calculate the remainder when 34325 is divided by 42.
11
What is the remainder when 14058 is divided by 129?
126
What is the remainder whe